5*t + 4*j + 36 = g, -j - 1 = -2*j. Let q = -33 + 64. What is the remainder when q is divided by t?
7
Let h(x) be the first derivative of 3*x**4/4 + 89*x**3/3 - 17*x**2 - 39*x + 277. Calculate the remainder when h(-30) is divided by 2/(-7) + 298/14.
18
Let m be (-135382)/(-52) - (-1)/6*-3. Suppose 26*q = 7*q + m. What is the remainder when q is divided by 47?
43
Suppose -19*q = -57*q + 16720. Calculate the remainder when q is divided by 37.
33
Suppose 16*u - 250 = 6*u. Let q(m) = 15*m**3 - 5*m**2 + 11*m - 14. What is the remainder when q(2) is divided by u?
8
Let y = -32 + 16. Let h = 32 + y. Calculate the remainder when (-3634)/(-46)*((-1)/(-1))/1 is divided by h.
15
Let b(z) = -12*z + 3. Suppose 5 + 4 = 9*i. Calculate the remainder when 5 - i - (-156 + 13) is divided by b(-1).
12
Let n = -16 + 56. Suppose 30 = -3*p - 0*w - 2*w, -w = -4*p - n. Calculate the remainder when ((-25)/p)/(3/102) is divided by 29.
27
Let n(u) = 185*u + 2. Let s = 383 + -365. Calculate the remainder when n(3) is divided by s.
17
Let q(j) = j**2 - 4*j + 26. Let x be q(4). Suppose x - 36 = 2*h. Let t(a) = a**3 + 7*a**2 + 8*a + 22. Calculate the remainder when 43 is divided by t(h).
11
Let a be (1 - ((-11)/2)/11)*518. Suppose -208*r = -215*r + a. Calculate the remainder when r is divided by 35.
6
Suppose -1804*q + 1491 = -3602*q + 1801*q. What is the remainder when q is divided by 157?
26
What is the remainder when 609 is divided by ((-2828)/35)/(40/(-50))?
3
Suppose 904 = 30*x - 1286. Calculate the remainder when 136 is divided by x.
63
Let t(i) = 3*i**3 + 234*i**2 - 241*i - 101. What is the remainder when t(-79) is divided by 66?
17
Let q(m) = 96*m**2 + 36*m - 31. Calculate the remainder when 298 is divided by q(1).
96
Suppose 117 = -22*w + 25*w - 60. Calculate the remainder when w is divided by 48.
11
Suppose 1527 + 651 = 4*b - 3*f, -10 = -5*f. Calculate the remainder when 553 is divided by b.
7
Let s(n) be the third derivative of n**5/30 - 31*n**4/24 + 161*n**3/6 + 46*n**2. What is the remainder when s(8) is divided by 23?
18
Let k = -10 - -8. Let x be 4 + 1 + k + 9/3. What is the remainder when (-2)/x + -5 + (-470)/(-15) is divided by 15?
11
Let g(b) = -74*b - 188. Suppose -j = -0*j - 236. What is the remainder when j is divided by g(-3)?
32
Suppose -7*f = -105 - 91. What is the remainder when 129 is divided by (0 - 1) + f - (-77 - -71)?
30
Suppose 5*t = 2*c - 0*t - 14, -4*t = 2*c + 4. Suppose -503 = -4*n - r, c*n - 5*n + 390 = 5*r. Let v = n - 102. What is the remainder when 81 is divided by v?
12
Let d = -5221 + 5256. Let o(y) = 10*y + 1. What is the remainder when d is divided by o(2)?
14
Suppose 182*u + 66*u + 53*u = 25585. What is the remainder when 328 is divided by u?
73
Let u(p) = -p**3 - 9*p**2 - 16*p - 4. Let m be u(-7). Suppose -m + 2 = -b. Let n = b + 2. What is the remainder when 18 is divided by n?
8
Suppose 0 = -289*t + 293*t - 56. Let y be (-5 - (-2 + 2))*-17. Let a = y + -37. What is the remainder when a is divided by t?
6
Let y be 2*((-2 - -4) + 77). Suppose -3*x = -3*w - 123, -2*w - y + 30 = -3*x. Suppose 0 = -0*a - 3*a + 24. What is the remainder when x is divided by a?
6
Let b = -1291 - -1317. Calculate the remainder when 264 is divided by b.
4
Let c = -1470 - -1914. What is the remainder when c is divided by 32?
28
Let t(n) = 3*n**3 - 9*n**2 + 25*n - 111. What is the remainder when 769 is divided by t(5)?
113
Suppose 3*s = 2*j + j - 3, 0 = s - 2*j - 1. What is the remainder when 4 + (-622)/(-7) + (7/49 - 0) is divided by s + 4/(4/27)?
21
Suppose 4*i + 2496 + 3703 = 5*v, -7*v - 5*i + 8721 = 0. What is the remainder when 3729 is divided by v?
0
Let i = 3225 - 3147. What is the remainder when 169 is divided by i?
13
Let n = -90 + 92. Let b be (14/28)/((-1)/n). Calculate the remainder when 97 is divided by 11 + b + -7 + 5 + 1.
7
Suppose 3*o + 0*o + 56 = 4*b, 3*o + 5*b + 38 = 0. Let z be ((-10)/(-6) + -1)/(o/312). Let v = -8 - z. What is the remainder when 28 is divided by v?
3
Let r = 2378 - 2348. Calculate the remainder when 239 is divided by r.
29
Let x(g) = 2*g**2 - 30*g + 8. Let a be x(7). Let s = 135 + a. Calculate the remainder when s is divided by 12.
7
Suppose -2*x + 945 = 3*x. Suppose 5*v = u - 28, 8 = 9*v - 7*v. Calculate the remainder when x is divided by u.
45
Suppose -2817 = 180*j - 23157. Calculate the remainder when j is divided by 76.
37
Let h = 12443 + -12415. Suppose 45 = -0*p + p + 5*g, 3*g - 125 = -2*p. What is the remainder when p is divided by h?
14
Let t = 151 - 144. What is the remainder when 202 is divided by 9/(-63)*-288 + (-1)/t?
38
Let s be 6*(6/(-2) + (-16)/12). Let a(i) = i**2 + 29*i + 89. Calculate the remainder when 63 is divided by a(s).
8
Let h(a) = 4*a**2 + 5*a - 2*a**2 - a**2 - 1. Let c(n) = n**3 + 17*n**2 + 26*n + 30. What is the remainder when c(-15) is divided by h(-7)?
12
Suppose g = -3*j + 35, 5*g - 35 = 136*j - 137*j. Let p(v) = -5*v - 19. What is the remainder when p(-11) is divided by j?
6
Let w(z) = -18*z + 594. What is the remainder when 30290 is divided by w(16)?
302
Suppose -6*w - 1394 = -36*w + 2116. What is the remainder when 932 is divided by w?
113
Suppose 0 = 4*r + 2*c - 608, -772 = -5*r - 11*c + 56. Let v = 139 + -72. What is the remainder when r is divided by v?
14
Suppose -4*u + 0*u + 5*c = -31, -5*c + 95 = 5*u. Let t(b) = b - 11. Let d be t(10). Calculate the remainder when (-532)/(-21)*(d - (-5)/2) is divided by u.
10
Suppose -25 = 5*f, -5*n + 4*f = f - 15. Suppose -6*z - 7*z + 130 = n. Calculate the remainder when 138 is divided by z.
8
Suppose -68*i = -17044 - 3220. What is the remainder when 27710 is divided by i?
294
Let y = 56148 - 56093. What is the remainder when y is divided by (2/(-5))/(3/(-195))?
3
Let x(d) = -d**3 - 22*d**2 - 12*d + 61. Let h be x(-22). Let a = 437 - h. Calculate the remainder when a is divided by 33.
13
Suppose -4*q + 4*j = -56, -370*j + 367*j = 2*q + 2. What is the remainder when 1701/28 - 2/(-8) is divided by q?
5
Let t = 215 - 93. Let w = t + -59. Calculate the remainder when w is divided by 2/3 + (-552)/(-36).
15
Suppose 5*i - 50 = -4*f, 4*i + 2*f - 29 = f. Suppose -c = 5*y - 153 - 130, 3*c = -i. What is the remainder when y is divided by (-2)/(-6) + 35/3?
9
Let c be (-1 + 1)*(2/6)/(-1). Suppose 0 = 35*y - 40*y + 25. Suppose c = y*o - 38 - 17. What is the remainder when o is divided by 8?
3
Let c(n) = 4*n - 10. Let v be c(7). Let b = -11 + v. Calculate the remainder when (4209/(-345))/(1 - (-12)/(-10)) is divided by b.
5
Let q(r) = 4*r**2 - 27*r - 64. Let i be q(13). Suppose 3*c - i = 2*u + 216, u = 0. What is the remainder when c is divided by (27/(-2))/((-2)/4)?
24
Suppose 18 - 86 = -2*x. Suppose -3*z = 4*w - x, -2*z + 0*w = 4*w - 24. Suppose z*p - 11*p = -32. Calculate the remainder when 94 is divided by p.
30
Let f = -3554 + 6089. Suppose 5*y - 5*l = f, 5*y + 2*l = 2205 + 309. Suppose -y = -m - 5*m. What is the remainder when m is divided by 29?
26
Suppose -60 = -3*k - 3*s, k + 906 - 925 = -2*s. Suppose -3*j + 83 = -97. Calculate the remainder when j is divided by k.
18
Suppose -a + 23 = x, -12*x + 14*x - 2*a = 66. Calculate the remainder when 2770 is divided by x.
26
Let m(b) = 3*b**2 + 23*b - 29. Calculate the remainder when 663 is divided by m(-9).
5
Suppose -2*x - 5*j + 0 - 1 = 0, 3 = 3*j. Let p = 2964 + -2409. Calculate the remainder when p/9 - x/9 is divided by 9.
8
Suppose -27*h = -8*h + 437. Let n(p) = -p - 13. Calculate the remainder when 48 is divided by n(h).
8
Suppose a - 165 = 3*s, -s + 873 = 5*a - 0*s. Let i = a + -109. What is the remainder when i is divided by 23?
19
Suppose 23*m - 11 = 840. Suppose -2*y + r + m = -8, 5 = r. Calculate the remainder when 124 is divided by y.
24
Suppose -359*v - 1192 = -483*v + 668. What is the remainder when 6493 is divided by v?
13
Suppose -2*s = -3*y + 62 - 12, 4*s = 3*y - 58. Let n(z) = 8*z**2 + 31*z - 42. What is the remainder when y is divided by n(-5)?
2
Suppose -22*v - 35400 = 3*v. Let s = -788 - v. What is the remainder when s is divided by 17?
16
Let m = -21 + 25. Let c(k) = 7 + m + 3*k**2 - 2*k**2 + 7. What is the remainder when c(5) is divided by 11?
10
Suppose -4*i - 628 = -2*d, 4*i = -15*d + 10*d + 1626. Calculate the remainder when 654 is divided by d.
10
Let s = 49 + -44. Suppose 4*g + 5